 - -13. What is the highest common divisor of 1 and t?
1
Let r(d) = 5*d**2 + 2*d - 2. Let i be 26/(-4) - 3/(-6). Let w be i + 1 + 2 + 1. Let h be r(w). Calculate the highest common divisor of h and 112.
14
Let h(s) = s**3 - s - 1. Let c(t) = -5*t**3 - 9*t**2 + 11*t + 1. Let v(m) = c(m) + 6*h(m). Let g be v(9). What is the highest common factor of g and 16?
8
Suppose 0 = -x + 1, -6*w + 24 = -w + 4*x. Let t be 94/14 - w/(-14). What is the highest common factor of t and 14?
7
Let o = -4 - -6. Suppose -o*t - 24 = t. Let j be (t - 0)*(-12)/16. Calculate the highest common divisor of j and 9.
3
Let a(l) = -l**3 + 30*l**2 - 28*l - 13. Let u be a(29). What is the greatest common factor of u and 12?
4
Let q(d) = 10*d**2 + 4*d + 3. Let o(u) = -11*u**2 - 5*u - 4. Let v(w) = 3*o(w) + 4*q(w). Let y be v(-3). Calculate the highest common divisor of 12 and y.
12
Let f(g) = g**2 - 12*g + 9. Let v be f(6). Let r = -15 - v. Suppose 4*c + 142 = 5*i, c + 144 = 5*i - 2*c. What is the highest common divisor of r and i?
6
Let k = -40 - -42. Calculate the highest common factor of k and 9.
1
Let q(w) = w**2 - 1. Let s be -3 - 4*3/12. Let o be q(s). What is the greatest common divisor of 3 and o?
3
Let f = 10 - 3. Let i = f + 45. What is the greatest common divisor of 130 and i?
26
Suppose 3*f - 90 = -3*b, 0 = 2*f - 0 + 6. Calculate the greatest common divisor of 165 and b.
33
Let q = 116 - 72. What is the highest common factor of 220 and q?
44
Let c = -109 + 54. Let t = -39 - c. Suppose -p - 2*p + 96 = 0. What is the greatest common divisor of t and p?
16
Let b be ((-1272)/10)/((-9)/45). Let m be (-6)/21 - b/(-21). Calculate the greatest common factor of 10 and m.
10
Let r = 68 + -41. Suppose -5*n - 10 = 0, 2*j + n - 24 = 4*n. What is the greatest common divisor of r and j?
9
Let q(d) = 5*d**2. Let o be q(-1). Let y be (-234)/(-15) + 2/o. Suppose -4*m - 2*w = -40, 3*m - 7*m - 3*w = -44. What is the greatest common divisor of y and m?
8
Suppose 13*c = 8*c + 1815. What is the highest common factor of 33 and c?
33
Let h = 175 + 175. What is the highest common divisor of h and 14?
14
Let t be (96/15)/(-4)*-10. What is the highest common divisor of 40 and t?
8
Let x(q) = 3*q**3 - 5. Let a(i) = -i**2 - 4*i - 1. Let r be a(-2). Let s be x(r). Suppose -3*h + 8*h - 95 = 0. What is the greatest common factor of h and s?
19
Suppose p - 48 = -3*p. What is the highest common divisor of 48 and p?
12
Let r = 5 - 3. Let q be (4/(-6) - 0) + 1976/156. Calculate the highest common divisor of r and q.
2
Suppose 5*t - 4*t - 4*o - 11 = 0, -84 = -4*t - 4*o. Suppose 0*w - 3*w + 19 = 2*d, 3*d - 5*w = -t. What is the greatest common factor of 14 and d?
2
Let i be 8/(-20) + 7/5. What is the highest common divisor of i and 11?
1
Let s(a) = -a**3 + 8*a**2 + 15*a - 12. Let d be s(10). Let i = d - -92. What is the greatest common divisor of 330 and i?
30
Suppose -4*y = x - 32, -3*y + 15 = -x + 4*x. Let c be 2/y - (-97)/9. Calculate the highest common divisor of 121 and c.
11
Let q = 1 - -3. Let l be 3 + 2/(-2) + 97. Let p = l - 71. Calculate the highest common divisor of p and q.
4
Suppose -3*g = -3*h + 6, -g - 14 = -5*h - 0*g. Let b be 3 - (9/(-3) - h). What is the highest common divisor of b and 9?
9
Let q(m) = m**2 - 14*m - 28. Let p be q(17). What is the greatest common factor of p and 253?
23
Suppose 21 = 3*i - 45. Let k = 63 - -91. Calculate the greatest common factor of i and k.
22
Let c(z) = z**3 - 17*z**2 - z + 15. Let u be c(17). Let y be ((-4)/6)/(u/42). Calculate the highest common divisor of y and 126.
14
Suppose -98*q + 175 = -93*q. What is the greatest common divisor of q and 10?
5
Let p(b) = -b**3 + 9*b**2 - 5*b - 3. Let f be ((-28)/21)/((-4)/18). Let j be p(f). Let s = -3 + j. What is the greatest common factor of s and 9?
9
Suppose 74*v - 78*v + 192 = 0. Suppose 4*q = 2*a + 4, 0*q + 5*q = -a + 26. What is the greatest common factor of a and v?
6
Suppose -3*m = -m - 154. What is the highest common divisor of 11 and m?
11
Suppose -m + 4*f = -229, 2*m - f = -160 + 611. Calculate the highest common factor of 25 and m.
25
Let k = -16 + 19. Suppose k*b - 6*b = -102. What is the greatest common divisor of b and 51?
17
Suppose 0 = -7*y + 2*y. Suppose y = -m - x - 0*x + 1, 0 = -4*m - x + 10. Let k be (-3)/(m + (-30)/8). Calculate the greatest common divisor of k and 20.
4
Let z be (-4)/(-3)*1*15. What is the highest common factor of z and 20?
20
Let d(r) = 3*r**2 + 7*r + 5. Let q(l) = -l**2. Let f(v) = d(v) + 4*q(v). Let u be f(7). Suppose u*z = -17 + 92. Calculate the greatest common factor of 5 and z.
5
Let y = 194 + 27. What is the greatest common factor of y and 13?
13
Let z(h) = 13*h + 2. Let r be z(6). Let m(q) = -q - 5. Let b be m(-5). Let c be 2 - (1 + b) - -9. What is the highest common factor of r and c?
10
Let n(i) = 3*i**3 + i**2 + 10*i - 8. Let x be n(6). Suppose -d - 3*d = -x. What is the greatest common divisor of 23 and d?
23
Suppose -2*q + q = -1. Calculate the greatest common factor of 7 and q.
1
Suppose 8*u - 180 = 4*u. Calculate the greatest common factor of 18 and u.
9
Suppose 0 = -3*l + 2*c + 56, 2*l + 9 = 4*c + 57. Suppose -s - 2*s = 267. Let f = -49 - s. Calculate the greatest common divisor of l and f.
8
Let k = -145 - -233. Calculate the highest common factor of 22 and k.
22
Let j(p) = 18*p**2 + 6*p - 12. Let z be j(3). Calculate the highest common divisor of 21 and z.
21
Suppose 2*i - 148 = -0*f - 2*f, 4*i + 89 = f. Let j be ((-11)/4)/(1/(-4)). Calculate the highest common divisor of j and f.
11
Let s be -3*(-10)/(-12)*-2. Let p(x) = -x**2 - 11*x - 25. Let g be p(-5). What is the highest common factor of g and s?
5
Suppose 2*h + 12 + 14 = 3*f, 4*f = -2*h + 58. What is the greatest common divisor of f and 132?
12
Let x = -19 + 37. Let b = x - -42. What is the highest common factor of b and 15?
15
Let a(f) = 20*f - 4. Let p be a(1). Let r = -24 + 40. What is the greatest common factor of p and r?
16
Let g be 2/6 - 943/(-69). Let t = -45 - -80. What is the greatest common divisor of t and g?
7
Suppose 0 = 3*l - n - 2*n - 123, 203 = 5*l - 3*n. Let a be (1 + 4)/(-1)*-1. What is the highest common divisor of l and a?
5
Let w(o) = -8*o - 2. Let j be w(-2). Let l(p) = p**2 - 6*p + 1. Let m be l(7). Let i be -1 - m/((-1)/1). Calculate the greatest common factor of i and j.
7
Suppose 4*m = 8*m - 6116. Let c be m/11 + 1 + 0. What is the greatest common divisor of c and 20?
20
Let j be 3 + 1 - (-23)/1. Calculate the highest common factor of 9 and j.
9
Let r(v) = -v**2 + 17*v - 2. Let s be r(10). What is the greatest common divisor of s and 17?
17
Suppose -3*h + 84 = -0*h. Let r = -83 - -153. What is the highest common factor of h and r?
14
Let i = -40 - -115. What is the highest common divisor of i and 30?
15
Let g(b) = 10*b - 38. Let u be g(7). What is the highest common factor of u and 24?
8
Let m = -3 - -21. Suppose 0 = -q + p + 6, 0*p = -4*q + p + m. Suppose -4*a + q + 20 = 0. Calculate the highest common divisor of 6 and a.
6
Let y(a) = -a + 11. Let h be y(-19). What is the highest common factor of 240 and h?
30
Let o be 1/3 + (-35)/(-3). Suppose 3*f = f + 4. Suppose f*v = 2 + o. Calculate the highest common divisor of 1 and v.
1
Let j = -7 + 11. Suppose j = -h - 4*u + 30, -h - u + 11 = 0. Calculate the greatest common divisor of h and 24.
6
Suppose -4*c + 4 + 20 = 0. Let m(u) = -u**2 + 12*u - 8. Let s be m(8). What is the greatest common factor of s and c?
6
Let a(d) = d + 10. Let m be a(-6). Calculate the greatest common divisor of m and 32.
4
Let m be (-817)/(-133) - 2/14. Calculate the greatest common factor of 24 and m.
6
Let v be (-21)/1*(-4 + 1). Let j(s) = 9 + 8*s**2 + 2*s**3 + 0*s**3 - s**3 + 7*s. Let o be j(-7). Calculate the greatest common divisor of o and v.
9
Let d be 0 + (2 - -4)/2. Suppose b + 5 + 33 = d*j, 0 = -4*j + 5*b + 47. What is the highest common factor of j and 13?
13
Let x(y) = y**2 + 1. Let g be x(2). Let m be 12 - 6/(g - 3). Calculate the highest common divisor of m and 9.
9
Suppose 0 = 5*r + 4*s + 579 - 2131, -5*r + 5*s + 1525 = 0. What is the highest common factor of 28 and r?
28
Let s(i) = 2*i + 6. Let p be s(5). Suppose 3*d = -d - 3*v + 503, 2*v = -6. What is the greatest common factor of d and p?
16
Let x = 2 + 2. Suppose 0 = x*p + 